 in base 13?
0
What is -1 (base 8) in base 14?
-1
Convert -a (base 13) to base 12.
-a
Convert -3 (base 14) to base 8.
-3
Convert 1145 (base 6) to base 3.
101102
204 (base 5) to base 6
130
6 (base 9) to base 4
12
What is 1 (base 6) in base 12?
1
What is 24 (base 16) in base 3?
1100
Convert -102 (base 3) to base 7.
-14
Convert -3 (base 4) to base 9.
-3
-2 (base 5) to base 15
-2
What is 3 (base 14) in base 4?
3
2 (base 7) to base 2
10
What is -7 (base 14) in base 16?
-7
What is -8 (base 14) in base 10?
-8
-74 (base 10) to base 15
-4e
-140 (base 6) to base 14
-44
Convert -3 (base 14) to base 10.
-3
14 (base 6) to base 3
101
-342 (base 5) to base 2
-1100001
207 (base 9) to base 3
20021
Convert 201 (base 9) to base 14.
b9
What is -7 (base 11) in base 8?
-7
3 (base 14) to base 8
3
-1104 (base 5) to base 15
-a4
1 (base 15) to base 4
1
What is -1106 (base 7) in base 10?
-398
-5 (base 10) to base 13
-5
-100220 (base 3) to base 6
-1123
What is 266 (base 7) in base 16?
92
Convert 10122 (base 3) to base 16.
62
What is -1010 (base 5) in base 6?
-334
Convert -2121 (base 3) to base 10.
-70
What is -101100 (base 2) in base 5?
-134
What is 0 (base 16) in base 15?
0
Convert -4 (base 12) to base 3.
-11
89 (base 11) to base 16
61
Convert -3 (base 6) to base 2.
-11
-1 (base 3) to base 5
-1
-4 (base 9) to base 14
-4
What is -341 (base 10) in base 15?
-17b
Convert 11 (base 2) to base 11.
3
Convert -3 (base 14) to base 15.
-3
What is 41 (base 7) in base 6?
45
-1101 (base 2) to base 7
-16
What is -421 (base 5) in base 13?
-87
What is 22 (base 10) in base 2?
10110
What is 125 (base 6) in base 4?
311
8 (base 14) to base 9
8
a (base 15) to base 10
10
0 (base 9) to base 4
0
What is -11101101 (base 2) in base 10?
-237
352 (base 6) to base 11
118
What is 4 (base 6) in base 8?
4
What is -51 (base 7) in base 12?
-30
Convert 291 (base 10) to base 6.
1203
33 (base 16) to base 14
39
Convert -3 (base 7) to base 6.
-3
What is -4 (base 6) in base 12?
-4
8 (base 13) to base 11
8
What is -33 (base 4) in base 6?
-23
Convert 12 (base 5) to base 4.
13
Convert -3 (base 7) to base 12.
-3
Convert -21 (base 10) to base 3.
-210
-2 (base 8) to base 9
-2
Convert -1 (base 12) to base 7.
-1
Convert 1110 (base 2) to base 6.
22
What is 2 (base 8) in base 9?
2
Convert 1 (base 14) to base 3.
1
Convert 14 (base 6) to base 14.
a
Convert -b0 (base 14) to base 10.
-154
-4c (base 16) to base 5
-301
Convert -127 (base 9) to base 11.
-97
What is -1 (base 13) in base 9?
-1
What is 5 (base 12) in base 3?
12
Convert -20 (base 8) to base 14.
-12
What is -37 (base 13) in base 2?
-101110
Convert -11 (base 3) to base 16.
-4
-10 (base 15) to base 7
-21
What is -26 (base 9) in base 13?
-1b
-23 (base 14) to base 9
-34
What is -41 (base 10) in base 9?
-45
Convert 3 (base 5) to base 16.
3
10100111 (base 2) to base 7
326
-5 (base 7) to base 11
-5
26 (base 7) to base 2
10100
4 (base 16) to base 10
4
What is 1010 (base 3) in base 16?
1e
102 (base 5) to base 4
123
What is -1332 (base 5) in base 15?
-e7
What is -6 (base 15) in base 5?
-11
Convert 8 (base 9) to base 10.
8
Convert -2 (base 14) to base 7.
-2
-124 (base 5) to base 8
-47
Convert -9 (base 12) to base 9.
-10
What is 127 (base 9) in base 5?
411
4 (base 9) to base 10
4
-23 (base 8) to base 6
-31
What is -11 (base 10) in base 13?
-b
Convert 2 (base 3) to base 8.
2
3 (base 7) to base 12
3
What is 14 (base 16) in base 10?
20
What is -130 (base 5) in base 16?
-28
Convert -76 (base 16) to base 10.
-118
What is -11 (base 10) in base 7?
-14
-3 (base 6) to base 8
-3
-3 (base 15) to base 6
-3
What is 220 (base 7) in base 16?
70
3 (base 4) to base 3
10
Convert -4 (base 14) to base 8.
-4
-136 (base 11) to base 3
-12221
1b (base 16) to base 12
23
What is -1 (base 11) in base 7?
-1
-11 (base 10) to base 13
-b
1 (base 13) to base 2
1
What is -183 (base 11) in base 2?
-11010100
Convert 24 (base 11) to base 10.
26
Convert 1 (base 9) to base 3.
1
Convert 458 (base 9) to base 4.
11321
-25 (base 6) to base 8
-21
Convert -423 (base 7) to base 6.
-553
Convert 100100 (base 2) to base 15.
26
What is -36 (base 8) in base 3?
-1010
What is 5 (base 16) in base 10?
5
Convert 3231 (base 4) to base 16.
ed
-3e (base 15) to base 8
-73
-63 (base 9) to base 13
-45
Convert 1101 (base 5) to base 6.
411
Convert 7 (base 10) to base 2.
111
What is -1 (base 5) in base 13?
-1
What is -14 (base 16) in base 13?
-17
What is -1 (base 12) in base 15?
-1
Convert 4 (base 5) to base 3.
11
2 (base 13) to base 7
2
60 (base 9) to base 2
110110
Convert -19 (base 14) to base 8.
-27
Convert -100 (base 11) to base 9.
-144
20 (base 12) to base 16
18
-111 (base 2) to base 11
-7
What is 3 (base 10) in base 7?
3
What is -98 (base 14) in base 2?
-10000110
What is 11001000 (base 2) in base 4?
3020
-640 (base 7) to base 16
-142
Convert -6a (base 11) to base 4.
-1030
What is -4 (base 8) in base 10?
-4
Convert 0 (base 14) to base 4.
0
Convert 11 (base 8) to base 2.
1001
66 (base 11) to base 4
1020
Convert 130 (base 5) to base 4.
220
10 (base 15) to base 5
30
-25 (base 11) to base 14
-1d
-11 (base 3) to base 9
-4
What is 11 (base 2) in base 3?
10
What is 10 (base 7) in base 4?
13
Convert 1 (base 9) to base 14.
1
Convert -77 (base 8) to base 13.
-4b
What is -9 (base 14) in base 3?
-100
-15 (base 14) to base 13
-16
What is -76 (base 12) in base 3?
-10100
Convert -1 (base 13) to base 16.
-1
-5 (base 8) to base 3
-12
Convert 0 (base 6) to base 5.
0
What is -13 (base 6) in base 12?
-9
What is 5 (base 7) in base 3?
12
Convert -11 (base 10) to base 11.
-10
Convert 1f (base 16) to base 3.
1011
-311 (base 4) to base 16
-35
Convert -43 (base 11) to base 6.
-115
What is 2 (base 15) in base 7?
2
125 (base 11) to base 8
224
What is 4 (base 5) in base 15?
4
10 (base 2) to base 9
2
Convert -73 (base 8) to base 3.
-2012
What is 1 (base 15) in base 3?
1
Convert 3 (base 11) to base 7.
3
2 (base 13) to base 10
2
What is 12 (base 4) in base 3?
20
Convert -17 (base 14) to base 5.
-41
What is -40 (base 7) in base 3?
-1001
What is -1 (base 11) in base 6?
-1
43 (base 11) to base 16
2f
Convert 27 (base 16) to base 12.
33
What is 9 (base 13) in base 3?
100
-ca (base 13) to base 5
-1131
What is 100 (base 2) in base 3?
11
Convert 1 (base 2) to base 8.
1
What is 2 (base 6) in base 12?
2
-26 (base 15) to base 6
-100
What is 7 (base 15) in base 11?
7
Convert -2 (base 15) to base 16.
-2
-69 (base 11) to base 12
-63
What is 11 (base 2) in base 5?
3
Convert -24 (base 5) to base 8.
-16
Convert 3 (base 13) to base 2.
11
What is 3 (base 11) in base 10?
3
What is -20 (base 6) in base 9?
-13
Convert 320 (base 4) to base 12.
48
What is 4 (base 12) in base 13?
4
Convert 15 (base 6) to base 11.
10
Convert 10010 (base 2) to base 3.
200
Convert -29 (base 10) to base 11.
-27
What is 2 (base 16) in base 2?
10
Convert -1 (base 8) to base 10.
-1
What is -120 (base 4) in base 7?
-33
Convert 2 (base 14) to base 13.
2
Convert -313 (base 4) to base 5.
-210
25 (base 16) to base 4
211
Convert 11 (base 5) to base 9.
6
Convert 23 (base 9) to base 15.
16
1 (base 10) to base 14
1
11 (base 5) to base 8
6
Convert 207 (base 9) to base 13.
100
What is -1112 (base 5) in base 13?
-c1
Convert 1 (base 4) to base 6.
1
What is -1 (base 5) in base 15?
-1
What is -77 (base 8) in base 9?
-70
What is 70 (base 9) in base 5?
223
Convert 38 (base 11) to base 9.
45
What is -8 (base 10) in base 11?
-8
Convert 0 (base 9) to base 4.
0
0 (base 14) to base 16
0
Convert 6 (base 7) to base 6.
10
102 (base 8) to base 6
150
2 (base 9) to base 6
2
156 (base 10) to base 11
132
22 (base 5) to base 13
c
2 (base 15) to base 4
2
Convert -13 (base 5) to base 7.
-11
2 (base 12) to base 5
2
Convert -132 (base 4) to base 7.
-42
Convert -4 (base 15) to base 14.
-4
Convert -150 (base 13) to base 14.
-12a
-47 (base 10) to base 6
-115
What is 63 (base 8) in base 14?
39
-4 (base 11) to base 14
-4
What is -5 (base 10) in base 3?
-12
What is -6 (base 15) in base 14?
-6
b (base 16) to base 14
b
What is 14 (base 15) in base 11?
18
-9c (base 15) to base 16
-93
-3a (base 15) to base 13
-43
Convert 304 (base 10) to base 5.
2204
What is 62 (base 7) in base 2?
101100
What is -2 (base 6) in base 4?
-2
20 (base 8) to base 14
12
What is -103 (base 4) in base 13?
-16
Convert -14 (base 16) to base 14.
-16
Convert 34 (base 12) to base 10.